 the tens digit of g?
8
Suppose 39*t = 62*t + 32591. Let h = 2899 + t. What is the hundreds digit of h?
4
Let f(n) = -7 + 5*n - 16 - 4*n - 4*n. Let v be f(-7). Let g(k) = 44*k**2 + 11*k + 18. What is the units digit of g(v)?
2
Let c(n) = -n**3 - 2*n**2 - 2*n + 77. Let r be 533/78 - (-1)/6. Suppose -r*f = -2*f. What is the units digit of c(f)?
7
Suppose 4*g + 5*q - 15429 = 0, q = -3*g - 2*q + 11574. Suppose -68*v = -81*v + g. What is the tens digit of v?
9
Let t be 5 - (-140)/(-65) - 2/(-13). Suppose 0 = t*z + 176 + 214. Let q = -56 - z. What is the units digit of q?
4
Suppose 2*f - w - 1984 = 0, -4618 + 1642 = -3*f + 5*w. Let v = f - 306. What is the units digit of v?
6
Suppose 0 = -3*v - 4*j + 13370, v - 8*j = -19*j + 4389. What is the thousands digit of v?
4
Let w = -26 - -29. Suppose 9 = -w*z, -z + 6 + 3 = 4*u. Suppose -3*a - 4*m + 1 = -83, -u*a + 69 = -m. What is the tens digit of a?
2
Let h(m) = -2*m - 2. Let v be h(2). What is the units digit of v/24*4*-311?
1
Suppose 0 = -5*w + 2*y + 2779 - 808, w = -2*y + 399. Let b = w - -185. What is the units digit of b?
0
Let h be (-55)/20*(0 + (-8)/2). Suppose -3*s + 1162 = h*s. What is the tens digit of s?
8
Let x(m) = -12*m + 146. Let l be x(12). Suppose -i + l*u = 3*u - 472, -2*u = i - 470. What is the tens digit of i?
7
Suppose 14*y = -39 - 73. Let x(n) = -19*n + 1. Let g be x(y). Let c = -92 + g. What is the tens digit of c?
6
Let a = -81 + 93. Suppose a*b - 880 = 8*b. What is the tens digit of b?
2
Let p(g) = 3 - 8 - 1 - 1 - 5*g. Let h be p(-2). What is the units digit of ((-19)/3 + h)/((-4)/30)?
5
Suppose 3*j = 5*u - 0*j - 43, -4*j + 28 = 4*u. Suppose 5*t = u*t. Suppose t = 2*s + 5*c - 0*c - 291, 2*c = -2*s + 276. What is the hundreds digit of s?
1
Suppose 0 = 3*l + 3*g - 10641, g - 17738 = -5*l - 3*g. What is the tens digit of l?
5
Let t = -16688 - -27007. What is the thousands digit of t?
0
Let m(q) = -q**3 - 5*q**2 - 2*q - 8. Let a be m(-5). Suppose -2*o + 3 + 15 = -a*w, 0 = o + 2*w + 3. Suppose o*d - 514 = 701. What is the units digit of d?
3
Let h be (-6748)/(-18) - (-27)/243. Suppose -2*f + 1037 = -5*w, 2207 = 5*f - 2*w - h. What is the hundreds digit of f?
5
Let m = 3226 - 2083. What is the units digit of m?
3
Suppose 0 = -18520*m + 18490*m + 2445240. What is the ten thousands digit of m?
8
Let f(h) be the third derivative of 23*h**5/60 + 5*h**4/6 - 3*h**3 + 16*h**2. Let p(m) be the first derivative of f(m). What is the units digit of p(3)?
8
Suppose 0 = -49*p + 278743 + 150889. What is the thousands digit of p?
8
Let g = -3714 + 4849. What is the units digit of g?
5
What is the tens digit of (-2)/4 + (396935/110 - 12*1)?
9
Suppose 5*c - 10 = 0, 0 = -0*i - i + 5*c - 2. What is the units digit of i/52 - 189/(-39) - -145?
0
Let q = 3949 - 1412. What is the hundreds digit of q?
5
Let g be ((-6)/5)/((-6)/15). Let s = 93 - 93. Suppose h = g*w - 399, 4*h = -s*h. What is the hundreds digit of w?
1
Let k(w) = -2246*w + 4872. What is the tens digit of k(-7)?
9
Let c(q) = 2*q**2 - 65*q + 78. Let d = 245 - 204. What is the hundreds digit of c(d)?
7
Suppose -5*l + 55116 = 201*y - 200*y, 22038 = 2*l - y. What is the ten thousands digit of l?
1
Let h be (-12 - 5)*2 - 0. Let s = 76 - h. What is the tens digit of s?
1
Suppose 21 = 22*r - 19*r, 5*x = -2*r + 91124. What is the thousands digit of x?
8
Suppose 11*b = 14*b. Suppose b = -3*q + 6*p - 11*p + 2450, 0 = -4*q - 2*p + 3276. What is the tens digit of q?
2
Let t = 26 + -23. Suppose -t*b + 6 = -6. Suppose -b*d - 196 = -6*d. What is the units digit of d?
8
Let v = 6 - -27. Let n = v + -87. What is the units digit of 0/2 + (-6 - n)?
8
Suppose -7 - 1 = -i. Let r be (2 - i)/((-4)/(-2)) - 39. What is the units digit of (72/r)/(2/(-7))?
6
Suppose -3*t + 6 = -t, 2*k = -3*t + 17. Suppose -k*y - 16 = -6*y. Suppose 13*g - y*g - 640 = 0. What is the units digit of g?
8
Let n(o) = -o**3 - 11*o**2 - 9*o + 29. Let f be n(-14). Let k = f - 265. What is the units digit of k?
8
Let w(t) = 50*t + 3472. What is the thousands digit of w(53)?
6
Suppose -635 = -7*a - 2007. Let c = a - -278. Let k = -80 + c. What is the units digit of k?
2
Let m = 1049 + -568. Let v = m + -262. Suppose 4*g + 63 = v. What is the units digit of g?
9
Let q(t) = -t. Let f(b) = -9. Let z(i) = 2*f(i) + 2*q(i). Let n be z(-11). Suppose n*p - 575 = -p. What is the units digit of p?
5
Suppose -35 + 7 = -7*p. Suppose -x + 941 = -5*b, -p*b + x - 752 = -0*b. Let l = -84 - b. What is the hundreds digit of l?
1
What is the hundreds digit of 1043468/14 + 44/77 + -11 + 6?
5
Let m(u) = 13*u - 14. Let k(l) = -1. Let s = 75 - 74. Let o(y) = s*m(y) - 2*k(y). What is the units digit of o(10)?
8
Suppose 2*u + 6734 = 4*m - 2410, 6852 = 3*m - 3*u. What is the hundreds digit of m?
2
Let y = 2234 - -1898. What is the tens digit of y?
3
Let u(b) = 21*b**2 + 4*b**2 - 1 + 8*b**2. What is the hundreds digit of u(4)?
5
Suppose -41*x + 5 = -40*x, -4*b - x = -26321. What is the hundreds digit of b?
5
Suppose 9*p + 2 = 7*p. Let x be -1 + 81/18*(-2)/p. What is the units digit of 0 + (-2)/(-4) - (-188)/x?
4
Let p be (-766)/(-4) + 3/(-2). Suppose -143 = -f + p. What is the units digit of f?
3
Suppose 0*t - 19221 + 161877 = 4*t. What is the hundreds digit of t?
6
What is the hundreds digit of ((-478)/6 + -1)*(-342)/12?
2
Suppose -41 - 431 = -4*x. Let l = 20 + x. Suppose l - 42 = 2*v. What is the tens digit of v?
4
Let y be 3 - (2 + (-2 - -1)). Suppose 89*r - 76345 + 26977 = 26638. Suppose y*w - r = -5*l + 3*w, -4 = -4*w. What is the hundreds digit of l?
1
Suppose 108*n - 31*n = 5236. Let g be -44*(10/(-4) + -2). Let k = g - n. What is the tens digit of k?
3
Suppose 5*j = -2*a + 3578, -a + 2*j = -0*j - 1780. Suppose -2*r + 3*q + 892 = 0, -4*q + 0*q + a = 4*r. What is the hundreds digit of r?
4
Let d(g) = -8*g + 51. Let z be d(5). What is the tens digit of ((-1 + 2)*z)/((-3)/(-27))?
9
Suppose -245 = 2*f - 9*f. What is the tens digit of ((-3815)/f)/(2/(-4))?
1
Suppose 35*k + 162325 = 60*k. What is the thousands digit of k?
6
Let l(z) = z**3 + 17*z**2 - 42*z. Let i = -485 + 469. What is the hundreds digit of l(i)?
9
Let g(z) = -210*z**3 + 5*z**2 + z + 15. What is the units digit of g(-3)?
7
Let q = -522 + 501. What is the units digit of 9104/14 + (60/q)/10?
0
Suppose -5*s + 2*s - 6 = 0. Let l(m) = -30*m**3 - 1088 - 11*m**3 + 8*m**3 + 3*m**2 + 1089 - 5*m**2. What is the hundreds digit of l(s)?
2
Let o(z) = z**3 + z**2 - 56*z + 190. What is the units digit of o(12)?
0
Let y(b) = -326*b + 1606. What is the tens digit of y(-12)?
1
Suppose -j = -3*j - c - 225, 0 = 3*c + 9. Let z = -111 - j. Suppose z = -24*l + 31*l - 1190. What is the hundreds digit of l?
1
Let s(k) be the first derivative of k**4/4 + k**3/3 - k**2 + 72*k + 32. What is the units digit of s(0)?
2
Suppose -d = -4*g + 14 - 7, 0 = -4*g - d + 17. Let l be 6/(-42) - 17812/(-28). Suppose -g*s + 141 = -l. What is the units digit of s?
9
Suppose -1630426 = 77*x - 462*x + 3656009. What is the units digit of x?
1
Suppose 0 = 43*q - 948837 - 951462. What is the units digit of q?
3
Let o = -26210 + 30128. What is the units digit of o?
8
Let o(w) = -21*w + 8. Suppose -36 = -2*a - 2*a. Let h be (-47)/a + 4/18 - -3. What is the units digit of o(h)?
0
Suppose -3*t = 3*g - 149283, 0 = -3*g + 3*t + 38154 + 111123. What is the hundreds digit of g?
7
Let s = 33 + -28. Suppose 0 = 3*h + 4*g + 56, -3*h - 37 - 1 = -s*g. Let k(w) = w**2 + 14*w + 1. What is the units digit of k(h)?
3
Let g(x) = -9*x**3 - x**2 - 2*x - 3. Suppose 4*c - 37 = 3*i + 12, -i + 7 = c. Suppose -52*y = -47*y + c. What is the units digit of g(y)?
9
Suppose -7852 = -7*r - 54. Let y = r - 740. What is the units digit of y?
4
Let w(a) = -a**3 + 2*a**2 + 9*a - 2. Let j be w(4). Suppose 4*o - 5*t - 1339 = -2*t, -671 = -j*o + t. What is the units digit of o?
7
Let n = -4537 - -5960. What is the tens digit of n?
2
Suppose 3*m - 168 = 4*g - 7*g, 4*m = -g + 44. Suppose -g*n + 646 = -58*n. Let c = 465 - n. What is the units digit of c?
2
What is the units digit of ((48 - 2782) + -16)/((-1)/24)?
0
Let x = 1624 + -1050. Let j = x - 132. What is the units digit of j?
2
Let u = -773 - -1585. Suppose 5*p - 3*p = u. Suppose 2*n = -2*s + p, -5*n - 3*s + 1144 = 121. What is the units digit of n?
7
Suppose -5*u - p + 64 = 0, 0 = -u 